 is the value of 1 + -1 - 1 - (-123 + 117)?
5
What is (-12 - (-13 - -3)) + 1?
-1
Calculate 16 + -29 + 11 + 0 + 8.
6
What is the value of 12 - (14 - (-3 + -4))?
-9
What is the value of -6 + (1 - (-1 + -9))?
5
Calculate 6 + (-6 - -1 - -2).
3
What is 7 + -9 + 3 + 5?
6
What is the value of 3 - (1 - ((-3 - 0) + 3))?
2
What is the value of (-3 - 0) + 4 + 1 + 3?
5
What is the value of 104 + -97 + (1 - 7)?
1
Evaluate -24 + 30 + 1 + 1.
8
What is the value of 10 + (-9 - 7) - -8?
2
What is -3 - (7 - 4) - -10?
4
Evaluate (1 - 7) + -50 + 55.
-1
What is the value of 9 - ((-4 - 0) + 16)?
-3
(-30 - (-11 - 12)) + 2 + 1
-4
-6 - (-5 + 1 + -6 + 9)
-5
Calculate 6 - (-3 + 6 + 3).
0
What is 3 + (-3 - (1 + 1 + 0))?
-2
What is (-14 - -21) + (-1 - 1)?
5
Evaluate 1 + (2 - (5 + (-4 - 5))).
7
-1 + (-4 + 1 - (-5 - 1))
2
What is (-6 - (-1 - -2)) + 4?
-3
Calculate -1 + (-8 - (4 + -8)).
-5
What is the value of (-7 - (-1 - 11)) + -12?
-7
What is 0 + 8 + -7 + 4?
5
What is 20 + -18 - (2 + -5)?
5
What is the value of 16 + -10 - (-1 + 0 + 7)?
0
What is (0 - 6) + 2 - -5?
1
Evaluate (1 - 4) + 2 + (1 - 2).
-2
Evaluate 5 - (-5 - -10) - (2 + 0).
-2
What is the value of (-3 - (-9 - -4)) + 5 + -3?
4
Calculate -10 - (5 + -4 + -7).
-4
Evaluate 2 - (-4 - -6 - -1).
-1
-2 + (3 + -4 - -4)
1
What is the value of -1 + -1 + -1 + 2 - -3?
2
What is the value of -4 + 0 + 11 + -5 + -6?
-4
Calculate 0 + 2 + (-10 + 5 - -4).
1
5 + (4 - 0 - 11) + 6
4
What is (-8 - (-5 - 0) - -10) + -2?
5
What is the value of (-1 - 2) + (0 - -2) + -1?
-2
2 - (1 - 3 - -4)
0
Evaluate 0 + 1 + -2 - (63 - 68).
4
What is the value of 9 + (6 - 10) - (-10 + 24)?
-9
What is -2 + (0 - (-4 + -1 + 5))?
-2
-3 - (-3 + 2 - -3)
-5
What is 4 + 0 - (7 - 7 - -1)?
3
What is 20 - 18 - (0 - 3)?
5
What is the value of 4 + 2 + -1 + -13 + 2?
-6
-3 + 1 + 1 - -1 - 5
-5
Calculate -5 + (-1 - 0 - (1 - 5)).
-2
Calculate (-5 - -4 - -1) + 3.
3
What is the value of -3 - ((3 - -1) + -3)?
-4
Evaluate 3 + (1 - 5) - (-2 - -2).
-1
What is -9 - (0 + (-16 - -6))?
1
Calculate (1 - -2) + -2 - (10 - 13).
4
Evaluate 14 + (-14 - (-6 + 2)).
4
Evaluate 0 - -1 - (-2 - 0) - 6.
-3
What is -12 - ((-4 - 14) + 13)?
-7
1 - (-3 + 4 + -3)
3
What is the value of 2 - (-2 - -1 - (-18 + 14))?
-1
Calculate -2 - (-2 - -8) - -13.
5
What is 3 - (0 + (9 - 8))?
2
Evaluate (15 - 19) + -3 + 10.
3
Evaluate 2 + (4 + -1 - 6).
-1
Evaluate -6 + 1 - (-10 - (-10 - -2)).
-3
Evaluate 15 + -6 + -10 - -8.
7
Calculate -6 - -2 - (9 + -11).
-2
What is the value of 5 - 12 - -12 - -5?
10
What is the value of -1 + -1 - ((0 - 2) + 2)?
-2
Evaluate 3 - ((-16 + 8 - -6) + 7).
-2
Evaluate 4 - (9 - 4 - 1) - 2.
-2
Evaluate 8 + (1 - 1) - (-10 - -15).
3
Evaluate 15 + -18 + -3 + 5.
-1
Evaluate -3 - (0 + (5 - 4)).
-4
What is (0 - -8 - (4 + -2)) + -2?
4
What is -7 + 3 + 10 - 1?
5
What is (0 - 0) + (-1 - 7 - -7)?
-1
What is the value of (4 + 3 - 18) + 4?
-7
What is the value of (-10 - (-24 - -12)) + -10?
-8
Evaluate -2 + 11 - 5 - -1.
5
What is -1 + (-4 - -5) - 0?
0
Calculate (-5 + 4 - -6) + (-20 - -9).
-6
Evaluate -1 - 3 - -2 - -3.
1
What is the value of (4 - 6) + 4 + 0?
2
Calculate 13 + -6 + -12 + 0.
-5
Calculate -48 - -41 - (0 + -2) - -4.
-1
(4 - 3) + -3 + 7
5
What is the value of -2 - -10 - (-48 - -62)?
-6
What is the value of -2 + -6 - (124 + -132)?
0
What is the value of (4 - -2 - 3) + (-2 - -2)?
3
0 + 0 + -11 + 9
-2
Evaluate (-2 - -7 - 0) + 14 + -15.
4
What is the value of -4 + (2 - (0 - -1)) + 2?
-1
Evaluate (1 - (-2 + 1)) + (14 - 17).
-1
Evaluate 5 + -3 + 1 + (-3 - -3).
3
What is the value of 4 + -2 + 0 - 3?
-1
What is -3 + 6 - 1 - (0 - 1)?
3
What is the value of -2 + -14 + (42 - 43) + 8?
-9
What is -5 - -7 - (-5 - -9)?
-2
(13 - 7) + (-4 - (1 - -3))
-2
1 + -2 - (2 + 1)
-4
What is the value of 3 - (-14 + 10 - -9)?
-2
Evaluate 0 + -5 + (-27 - -30).
-2
4 + (5 + 2 - 5) + -9
-3
What is the value of (-3 - (3 + 1)) + 6?
-1
What is -2 - (-1 - -4) - -8?
3
What is the value of -5 + -3 - (4 - 6) - -9?
3
Calculate -7 + 0 - (-6 - (-7 - -3)).
-5
Evaluate -28 + 32 - (-1 - -1).
4
What is (-1 - 0 - -10) + (-34 - -30)?
5
What is the value of 1 - 4 - (-5 + 2)?
0
What is the value of 16 - (9 - (7 + -6))?
8
Evaluate -4 - ((-4 + -2 - -4) + 1).
-3
1 + (-1 + -2 + 6 - -1)
5
Calculate 2 - (4 + (-4 - -2)).
0
What is the value of (-4 - 1) + (4 - 3)?
-4
-1 + (-3 + 2 - 3)
-5
What is the value of (1 - 8) + 11 + 3?
7
What is the value of 1 + 0 - (11 + 0 + -6)?
-4
What is the value of (2 - 5) + 1 - -3?
1
Calculate 5 + 6 + -5 - 5.
1
Evaluate (5 - 1) + -6 - -2.
0
What is -2 - (-4 + 3 + (6 - 9))?
2
(-4 - (2 + 4 + -7)) + 2
-1
What is the value of (-2 - 3) + 87 + -82?
0
What is the value of -4 + (7 - (-5 + 10)) + 9?
7
What is 1 + 3 + -9 + 5?
0
What is the value of 2 - 1 - (1 - (-7 - -4))?
-3
Evaluate 0 + -2 - -3 - 0.
1
What is the value of 6 + -7 + -8 - -6?
-3
Calculate 6 + -15 + 0 + 8.
-1
Calculate 2 + 2 - 16 - -7.
-5
0 + 1 + (-5 - 5) + 7
-2
Evaluate -15 + (3 - -4 - 1).
-9
What is -4 - (4 + -10) - (-1 - -6)?
-3
Calculate (-5 - 0) + 5 + -5.
-5
What is (14 - 4 - 6) + -1?
3
Calculate (17 - -2) + -6 - 9.
4
5 - -1 - 6 - (-1 - 7)
8
Evaluate 1 + -10 + 1 + 2 + 9.
3
What is the value of 0 - (9 + -13 + 8)?
-4
(3 - -1) + -7 + 1
-2
-10 + (3 - (-1 - (3 + -3)))
-6
What is 0 - (4 + 3) - -7?
0
What is the value of (3 - (-8 + (-2 - -1))) + -6?
6
Evaluate -9 + 12 + (1 - 1).
3
Calculate 1 + (-3 - -4) + -4.
-2
What is 8 - 8 - -2 - 9?
-7
What is the value of (1 - (-3 + (5 - 1))) + -1?
-1
(-11 - (-18 + 13)) + 8
2
Evaluate 3 + (-6 - (-8 - (-4 + -2))).
-1
Calculate -3 + 15 - (16 + -11) - 7.
0
11 + -5 - (-3 - -4 - 2)
7
Evaluate (5 - (3 + 5) - -11) + -9.
-1
Evaluate -3 - -8 - (11 - 6).
0
What is -3 - 2 - (-3 - -8 - 12)?
2
What is the value of -1 - (-1 + 4) - -3?
-1
Evaluate (11 - -3) + -8 - (0 + 8).
-2
What is the value of -7 + 9 + -2 + (3 - 0)?
3
Calculate -2 - -5 - (0 - -2).
1
Calculate -10 + 16 + -2 + 0.
4
1 - ((2 - 4 - 0) + 0)
3
Calculate -8 + (12 - -3) + -8.
-1
2 + -14 + 1 - (-6 - 0)
-5
-1 + 2 - ((-5 - -3) + 0)
3
What is 20 + -7 + -10 - 6?
-3
What is the value of (6 - 3) + -4 + 4?
3
1 - ((-8 - -1) + 5)
3
-19 - (3 - 9) - (-11 + 4)
-6
What is the value of 4 + -4 + -4 + 5 - -4?
5
What is 4 + (-5 - 0 - -1) - 2?
-2
Calculate 2 + 1 - (-5 + 5).
3
3 - (1 + 2) - (1 + 3)
-4
Calculate (2 - -1) + (-3 - -1) - 0.
1
Calculate 11 + -10 + -12 + 19.
8
Calculate 7 - (-3 + 2) - (1 - -2).
5
What is (9 + -5 - (-3 + 3)) + 1?
5
What is the value of 1 + 11 + 3 + -12?
3
What is -7 - (8 + -25) - 5?
5
Calculate -1 + -4 + 5 + -1 + 7.
6
2 + -7 - (-6 - -2)
-1
Calculate -2 + (1 - -4) - (-2 + 7).
-2
Calculate (-14 - -3) + 5 + 2.
-4
Evaluate 10 - 4 - (13 + (-12 - -6)).
-1
What is the value of (-3 - -7 - -11) + -4 - 4?
7
Calculate -1 - (-1 - (-2 + 4)).
2
What is -4 + (-2 - (3 - 21)) + -7?
5
What is the value of -39 + 31 - (0 - 4)?
-4
What is 9 - ((-12 - -17) + 1 + -2)?
5
What is 4 - (0 + -6 - -6)?
4
What is -11 - (-2 + -3) - -4 - 0?
-2
Evaluate 3 + (11 - 19) + 7.
2
Evaluate 0 + 12 + -69 + 58.
1
Evaluate -2 + -12 + 7 - -8 - -3.
4
Evaluate 1 + 5 - (-3 + (4 - -1)).
4
4 + 2 + -1 + -7
-2
Calculate 0 - 3 - -10 - 1.
6
5 - (-10 + -1 + 10)
6
Evaluate (-16 + 8 + 9 - 4) + -2.
-5
What is -15 - (-12 + 0) - -3?
0
-7 + 0 + (1 - (-2 + 0))
-4
Evaluate -4 - (-2 + 10 - 18).
6
What is -24 + 19 - (-1 + 0)?
-4
-4 + 13 + (4 - (11 - 3))
5
(-4 + (-4 - -9) - 2) + 5
4
What is the value of -12 + (5 - (-4 + (7 - 2)))?
-8
Evaluate -1 + 2 + -2 + 2.
1
2 - (9 + -1) - -4
-2
What is (-7 - -7) + 2 - 5?
-3
Evaluate 0 + 0 + -15 + 12 + 0.
-3
What is the value of 0 + -8 - ((6 - 12) + -2)?
0
-8 + (-10 - -3 - -15)
0
What is the value of 5 - (3 - -2) - 0?
0
What is the value of (17 - 12) + (0 - 1 - 0)?
4
2 + 0 - (20 - 18)
0
Evaluate (-7 - (-4 + 0)) + -3 + 11.
5
What is the value of 6 - ((-1 - 2) + 1 + 5)?
3
What is 4 + -6 + 6 + 1 + 2?
7
What is 13 - (-2 - (7 + -16))?
6
-8 - -5 - (-1 + 2)
-4
What is the value of 17 + -21 - (3 + -6 - 3)?
2
3 + -3 + 1 + -9 + 7
-1
-1 - (4 + -1 - (-16 - -19))
-1
Evaluate 8 - (-3 - -7 - -1).
3
Evaluate 4 - ((-6 - 2) + 27 + -5).
-10
Calculate 3 - (-6 + 2 - -2).
5
What is 0 + -5 + 8 - -2?
5
-3 + 2 + 1 + 1 + -5
-4
Evaluate 3 + (-1 - 2 - 1) + -2.
-3
What is the value of -2 + (7 - 4) + -2?
-1
Evaluate -1 - (8 - (8 - 3)).
-4
Calculate -3 + -2 - -2 - 0 - -5.
2
What is the value of -4 - (0 + 0) - 0?
-4
Evaluate 0 - 7 - (